{"id":934,"date":"2018-04-17T19:14:13","date_gmt":"2018-04-17T17:14:13","guid":{"rendered":"http:\/\/adn56.net\/blog\/?page_id=934"},"modified":"2021-09-12T11:11:26","modified_gmt":"2021-09-12T09:11:26","slug":"soutenir-lassociation","status":"publish","type":"page","link":"https:\/\/adn56.net\/blog\/index.php\/soutenir-lassociation\/","title":{"rendered":"Faites un don d\u00e9fiscalis\u00e9"},"content":{"rendered":"<h3>Pourquoi nous soutenir?<\/h3>\n<p>Notre association a vocation \u00e0 servir; elle a une dimension sociale : pour cette raison le montant de l\u2019adh\u00e9sion est tr\u00e8s faible et les ateliers sont gratuits. Si vous souhaitez nous soutenir en ajoutant un peu de beurre \u00e0 nos \u00e9pinards, toute aide financi\u00e8re aussi petite ou importante soit-elle est la bienvenue.<\/p>\n<h3>Notre association est reconnue officiellement d\u2019int\u00e9r\u00eat g\u00e9n\u00e9ral<strong><br \/>\n<\/strong><\/h3>\n<p>Cela va permettre aux personnes qui effectuent un don de b\u00e9n\u00e9ficier d\u2019une d\u00e9duction fiscale de 66% dans la limite de 20% de leur revenu imposable. Par exemple un don de 100 euros b\u00e9n\u00e9ficie d\u2019une d\u00e9duction d\u2019imp\u00f4t de 66\u20ac et ne vous \u00abco\u00fbte \u00bb en fait que 34\u20ac.<\/p>\n<p><strong>Il n\u2019y a pas de seuil minimum concernant la d\u00e9fiscalisation, m\u00eame un don d\u2019un euro peut \u00eatre d\u00e9fiscalis\u00e9 !\u00a0<span id=\"ctrlcopy\"><br \/>\n<\/span><\/strong><br \/>\nLes donateurs recevront un re\u00e7u fiscal.<\/p>\n<p>Dans le cadre du m\u00e9c\u00e9nat, les entreprises peuvent \u00e9galement nous faire des dons et b\u00e9n\u00e9ficier aussi d\u2019une r\u00e9duction d\u2019imp\u00f4t.<\/p>\n<p>Les dons re\u00e7us par l\u2019association servent \u00e0 acqu\u00e9rir du mat\u00e9riel mis \u00e0 la disposition des adh\u00e9rents et \u00e0 renforcer notre activit\u00e9.<\/p>\n<p>Vous pouvez faire un don en ligne via notre compte <img loading=\"lazy\" decoding=\"async\" class=\"alignnone wp-image-939\" style=\"vertical-align: middle;\" src=\"http:\/\/adn56.net\/blog\/wp-content\/uploads\/2018\/04\/helloasso-logo.png\" alt=\"\" width=\"99\" height=\"23\" \/> : c&rsquo;est une solution de paiement s\u00e9curis\u00e9e \u00e0 destination des associations. Il suffit de cliquer sur le bouton ci-dessous :<\/p>\n<p><iframe loading=\"lazy\" id=\"haWidget\" style=\"width: 100%; height: 70px; border: none;\" src=\"https:\/\/www.helloasso.com\/associations\/universite-populaire-du-numerique-de-damgan\/formulaires\/1\/widget-bouton\" width=\"300\" height=\"150\"><\/iframe><\/p>\n<div style=\"display: none; position: absolute; width: 0px; height: 0px; margin-top: 0px;\"><\/div>\n<p>Vous pouvez \u00e9galement faire un <strong>ch\u00e8que<\/strong> \u00e0 l&rsquo;ordre de l\u2019<em>Universit\u00e9 Populaire du Num\u00e9rique de Damgan.<\/em><\/p>\n<p>Les personnes qui font des dons par ch\u00e8que ou par virement doivent nous communiquer leur adresse postale pour avoir le re\u00e7u fiscal.<\/p>\n<h3>Comment \u00e7a va se passer avec le pr\u00e9l\u00e8vement \u00e0 la source ?<\/h3>\n<p>Comme aujourd\u2019hui, les dons r\u00e9alis\u00e9s en ann\u00e9e N ouvriront droit \u00e0 une r\u00e9duction fiscale en ann\u00e9e N+1.<\/p>\n<p>Avec le pr\u00e9l\u00e8vement \u00e0 la source, le gouvernement pr\u00e9voit de verser une avance de 60 % (du montant des dons vers\u00e9s l\u2019ann\u00e9e pr\u00e9c\u00e9dente), au 15 janvier sous la forme d\u2019un cr\u00e9dit d\u2019imp\u00f4t. Les 40 % restants seront vers\u00e9s en septembre.<\/p>\n<h3>Nos autres ressources :<\/h3>\n<p>Les dons viennent compl\u00e9ter nos autres ressources :<\/p>\n<ul>\n<li>Les cotisations des adh\u00e9rents,<\/li>\n<li>Un ch\u00e8que de 500\u2009\u20ac du Cr\u00e9dit Agricole en 2020, comme <a href=\"https:\/\/adn56.net\/blog\/index.php\/2020\/02\/15\/de-bonnes-nouvelles\/\" target=\"_blank\" rel=\"noopener noreferrer\"><strong>premier prix des troph\u00e9es de la vie locale<\/strong><\/a>.<\/li>\n<li>Une subvention de 1 000\u20ac du <a href=\"https:\/\/adn56.net\/blog\/index.php\/2020\/09\/03\/on-a-recu-une-subvention-de-1-000-euros\/\" target=\"_blank\" rel=\"noopener noreferrer\">Fonds de D\u00e9veloppement de la vie association en 2020.<\/a><\/li>\n<li>Une subvention de la mairie en 2017 et en 2018.<\/li>\n<\/ul>\n","protected":false},"excerpt":{"rendered":"<p>Pourquoi nous soutenir? Notre association a vocation \u00e0 servir; elle a une dimension sociale : pour cette raison le montant de l\u2019adh\u00e9sion est tr\u00e8s faible et les ateliers sont gratuits. Si vous souhaitez nous soutenir en ajoutant un peu de beurre \u00e0 nos \u00e9pinards, toute aide financi\u00e8re aussi petite ou &hellip;<\/p>\n","protected":false},"author":1,"featured_media":0,"parent":0,"menu_order":0,"comment_status":"closed","ping_status":"closed","template":"","meta":{"jetpack_post_was_ever_published":false,"footnotes":""},"class_list":["post-934","page","type-page","status-publish","hentry"],"jetpack_sharing_enabled":true,"jetpack_shortlink":"https:\/\/wp.me\/P82yvs-f4","_links":{"self":[{"href":"https:\/\/adn56.net\/blog\/index.php\/wp-json\/wp\/v2\/pages\/934","targetHints":{"allow":["GET"]}}],"collection":[{"href":"https:\/\/adn56.net\/blog\/index.php\/wp-json\/wp\/v2\/pages"}],"about":[{"href":"https:\/\/adn56.net\/blog\/index.php\/wp-json\/wp\/v2\/types\/page"}],"author":[{"embeddable":true,"href":"https:\/\/adn56.net\/blog\/index.php\/wp-json\/wp\/v2\/users\/1"}],"replies":[{"embeddable":true,"href":"https:\/\/adn56.net\/blog\/index.php\/wp-json\/wp\/v2\/comments?post=934"}],"version-history":[{"count":25,"href":"https:\/\/adn56.net\/blog\/index.php\/wp-json\/wp\/v2\/pages\/934\/revisions"}],"predecessor-version":[{"id":2871,"href":"https:\/\/adn56.net\/blog\/index.php\/wp-json\/wp\/v2\/pages\/934\/revisions\/2871"}],"wp:attachment":[{"href":"https:\/\/adn56.net\/blog\/index.php\/wp-json\/wp\/v2\/media?parent=934"}],"curies":[{"name":"wp","href":"https:\/\/api.w.org\/{rel}","templated":true}]}}